n + 22. Let k be b(5). What is the highest common factor of k and 2?
1
Suppose 2*v = -3*a + 4, 48 = 4*v + v - 2*a. Suppose 0 = 3*f - 281 - 295. Suppose -f = -0*k - 3*k. What is the greatest common factor of v and k?
8
Let h = 8 + -3. Suppose -2*x + 332 = -5*f + 3*f, 3*x + h*f - 538 = 0. Calculate the highest common factor of x and 19.
19
Let z be (-718)/(-5) - (-4)/10. Suppose f = -3*g + 182, -f + 3*f - 348 = 2*g. Suppose -4*a + z = -f. Calculate the greatest common divisor of 10 and a.
10
Let a = -74 + 417. Suppose 3*p = -4*t + 12, -t + 2*p = 5*p + 6. Let k be t/8 - a/(-28). What is the highest common factor of k and 65?
13
Suppose 5*i - 77 = 3*d - 480, -2*i - 678 = -5*d. Calculate the highest common factor of d and 17.
17
Let d(b) = -b**2 - b + 25. Let o be d(0). Suppose -3*h = -4*r + o + 13, 4*h - 19 = -r. Calculate the highest common factor of 1 and r.
1
Suppose 0 = 4*j - 4*x - 92, -x + 21 = 2*j - 10. Let z = 366 - 168. Calculate the highest common divisor of z and j.
18
Suppose -32 = -4*i + 3*p, -3*i - p + 16 = -i. What is the greatest common factor of i and 64?
8
Let m be (3 - 0)/((-6)/(-4)). Suppose -m*g + 8 = 4. Let t(x) = 2*x**2 - 2. Let k be t(g). Calculate the greatest common factor of 66 and k.
6
Let l(h) be the second derivative of -h**4/12 + 13*h**3/6 - 3*h**2/2 - h. Let t be l(12). Calculate the highest common divisor of 6 and t.
3
Let o = -82 - -90. Let w(p) be the second derivative of p**3/6 - p**2 + p. Let h be w(o). Calculate the highest common divisor of h and 66.
6
Suppose -3*r = 5*j - 194, -4*j + 4*r - 30 + 198 = 0. What is the highest common factor of j and 320?
40
Let s(r) = 3*r - 2 + 2 + 1. Let k be s(3). Let t be 2 + -3 + 2 + (-89)/(-1). Calculate the highest common divisor of t and k.
10
Suppose 5*r - 1 + 21 = 0, 23 = p - 4*r. Calculate the greatest common divisor of p and 7.
7
Suppose 3*l - n - 336 = -2*n, 3*l - 336 = 5*n. What is the highest common divisor of 7 and l?
7
Let p be ((-5)/4)/((-3)/12). Suppose -p*b - 2*l + 5*l = -79, 5*b + 5*l = 55. Calculate the highest common divisor of 126 and b.
14
Suppose 301 = 3*t - 2*h, t + t - 3*h = 204. What is the highest common factor of t and 9?
9
Let z = 5 + -1. Let j(q) = -q**2 + 1. Let f be j(1). Let w(p) = p**3 - p**2 - p + 1. Let s be w(f). Calculate the greatest common factor of s and z.
1
Let v be 94/(-6) + 2/(-6). Let x = 34 + v. What is the greatest common divisor of x and 27?
9
Suppose -c - c + 8 = 0. Let m be (-2)/(-8)*6*(-32)/(-3). Calculate the greatest common divisor of m and c.
4
Let t be (1 + 0)*(-16)/4. Let p be ((-156)/(-16))/((-1)/t). Calculate the highest common factor of 13 and p.
13
Let r be (-2 - 3)*(-1 - 2). Suppose -5*m + 4*m + 10 = 0. Let v be (-1)/((-21)/m + 2). What is the highest common divisor of r and v?
5
Let i be ((-69)/9)/(1/6). Let k = 146 + i. What is the highest common divisor of k and 40?
20
Suppose -441 = -s - 8*s. Calculate the greatest common divisor of s and 98.
49
Suppose 3 = -2*p + 9. Suppose 0*u = p*u - 3*s - 45, -3*s + 45 = 2*u. What is the highest common factor of 36 and u?
18
Let r be 1/(-3) + (-86)/(-6). Let y(h) = h**2 - 4*h - 4. Let o be y(-6). What is the greatest common divisor of r and o?
14
Let s = 7 + -5. Suppose 0 = -c - s*i - 4, -4*c - 3 = -c + 3*i. Suppose -w + 18 = c*w. What is the highest common factor of 54 and w?
6
Let a(q) = q + 3. Let o be a(-1). Let y(c) = -c**3 + 6*c**2 - 7*c + 11. Let g be y(5). What is the highest common divisor of o and g?
1
Let q be ((2 - -2)/8)/(3/66). What is the highest common divisor of 11 and q?
11
Let w(h) = 5*h**2 + 2*h + 2. Let z be w(3). Suppose z = 2*f + 13. Suppose 3*b = 8*b - 900. What is the highest common divisor of f and b?
20
Let v(c) = c**3 + 2*c**2 - 5*c - 4. Let r be v(-3). Calculate the highest common factor of r and 1.
1
Suppose 1 = 2*j - 7. Suppose -f - j*f = -3*d + 19, -7 = d - 5*f. What is the greatest common factor of d and 78?
13
Let u be 2 + -1 + 2 + -1. Let w(m) = 0*m**2 + 7 - 3 - 3 + m**u - 5*m. Let z be w(6). What is the greatest common factor of z and 63?
7
Suppose 5*t - 3 = -5*k + 162, 12 = 4*k. Calculate the greatest common factor of t and 270.
30
Let o(a) = a**3 - 8*a**2 + 8*a - 7. Let j be o(5). Let u = j - -72. What is the greatest common divisor of 20 and u?
10
Let i(b) = -b**2 + 7*b - 2. Let p be i(5). Let y(t) = -t**3 + 7*t**2 + 8*t + 3. Let v be y(p). What is the greatest common factor of 24 and v?
3
Let z = -2 - -5. Suppose -z*n - 128 = -7*n. Calculate the greatest common factor of 8 and n.
8
Let t(h) be the second derivative of h**5/20 + h**4/3 - 5*h**3/6 + 3*h**2/2 + h. Let w = 11 - 16. Let z be t(w). What is the greatest common divisor of 1 and z?
1
Let t be (0 + -1 - 53)*-2. Let f be -14*1/(4/(-6)). Let r be (36/f)/((-1)/(-7)). What is the greatest common factor of t and r?
12
Suppose 12 = -3*l + f, -2*l + f - 5*f - 8 = 0. Let g be l/(-12)*1*9. Let q = 9 - 0. What is the greatest common factor of q and g?
3
Let p be 8 + -2 + 4 + -2. Suppose -p = -r + 43. Calculate the greatest common divisor of 17 and r.
17
Let t(p) = 19*p**2 + 1. Let r be t(1). Suppose -a + 3*v = 2, -4*a - v - v + r = 0. Let g = 30 + 2. What is the highest common factor of g and a?
4
Let u = -16 - -18. What is the greatest common factor of u and 18?
2
Suppose 0*w = -w + 3. Suppose b - 9 + 48 = 4*s, -3*s = w*b - 48. What is the greatest common divisor of 44 and s?
11
Let l = 3 + -1. Suppose 46 = 2*d - l*s, d = -2*d - s + 57. What is the greatest common divisor of d and 50?
10
Let k(m) = 9*m - 9. Let s be k(8). Suppose -z + 5*z = 3*v - 114, 0 = -v - 3*z + 51. What is the greatest common divisor of s and v?
21
Let a(y) = -y**3 - 4*y**2 + 4*y - 1. Let r = -10 + 27. Let d = 12 - r. Let o be a(d). Calculate the greatest common divisor of 8 and o.
4
Suppose -3*t = -0*t - 30. Suppose l - 5*y - t = -2*y, 0 = 3*l + 2*y + 3. Let n(i) = 21*i - 1. Let m be n(l). What is the greatest common factor of m and 180?
20
Let x(c) = 5*c - 15. Let n be x(5). Let b = -8 + 13. Calculate the greatest common divisor of n and b.
5
Let k be 2/9 + 173/(-9). Let h = k - -27. Calculate the greatest common factor of 4 and h.
4
Suppose -6*v - 2 = -8*v. Let u be 0 + v - (-4 - -4). Calculate the highest common factor of 7 and u.
1
Let l be ((-26)/6)/((-6)/18). Let t = 16 - l. What is the greatest common divisor of 12 and t?
3
Suppose 3*c = 2*l + 2*c - 231, 2*l = 5*c + 235. Calculate the greatest common divisor of l and 46.
23
Suppose 0*w - 92 = -4*w - 4*p, 109 = 5*w + 3*p. Calculate the highest common divisor of 20 and w.
20
Suppose 1 + 9 = l. Let c be l/65 - (-570)/13. Let u(y) = -y**2 - 6*y - 1. Let q be u(-5). What is the highest common factor of c and q?
4
Let x(y) = y + 80. Let f be x(0). What is the highest common divisor of f and 10?
10
Let y = -80 - -119. What is the greatest common divisor of y and 39?
39
Let k(s) = 3*s. Let x be k(3). What is the greatest common factor of x and 18?
9
Let s(x) = x**3 + 8*x**2 + 2*x + 5. Let d be s(-7). Let g be (4/2)/(4/(-10)). Let o = g + 10. Calculate the greatest common divisor of d and o.
5
Let g = 60 - 50. Calculate the greatest common factor of g and 2.
2
Suppose 0 = -5*n + 3 + 7. Suppose -v - 72 = -n*v. What is the greatest common divisor of v and 9?
9
Suppose -2*v + 0*v = -2*l + 138, 4*v - l + 270 = 0. Let a = -33 - v. Calculate the greatest common factor of 51 and a.
17
Let s be (-1)/3*(7 + -1). Let h be (10 - s/(-2)) + 3. What is the greatest common factor of 108 and h?
12
Suppose 28*n - 32*n + 64 = 0. Let p(m) = 7*m**3 - 2*m**2 + m + 2. Let y be p(3). Calculate the highest common divisor of y and n.
16
Suppose 0 = -3*s, 3*y - 18 = -2*s - 6. Suppose 0*k + 132 = -y*k. Let h = k + 123. What is the highest common factor of 10 and h?
10
Let p = -184 - -283. What is the highest common divisor of p and 132?
33
Let c(i) be the third derivative of 0*i + 0 + 7/4*i**5 + 1/24*i**4 + 0*i**3 - 3*i**2. Let m be c(-1). What is the greatest common divisor of 13 and m?
13
Suppose 4*f = 4*q, -2*f - 3*f - 3*q + 16 = 0. Suppose -f = -c - 0*c. Suppose -c*v + 68 = 20. Calculate the highest common divisor of v and 8.
8
Suppose -4*k + 5*c = 0, 0 = k - 6*k - 4*c + 41. Suppose 2*w - 11 = -n + 2, -k*w - n + 40 = 0. What is the greatest common divisor of w and 27?
9
Let a(f) = -55*